0023233
In base 11, what is -1 - 5?
-6
In base 6, what is -200 - -42?
-114
In base 2, what is 10 - 110000?
-101110
In base 8, what is 3371 - 5?
3364
In base 14, what is 1171 - -5?
1176
In base 11, what is -13 + 10?
-3
In base 9, what is 86 + -20?
66
In base 5, what is -1 - 41?
-42
In base 11, what is -3 + -2005?
-2008
In base 8, what is -3731 - -4?
-3725
In base 15, what is -96 + 13?
-83
In base 3, what is 121 + -1020?
-122
In base 10, what is 4 - -56?
60
In base 9, what is 23771 + 4?
23775
In base 14, what is -cd + -1b?
-10a
In base 4, what is 231131 + -10?
231121
In base 11, what is 5 + -2aa?
-2a5
In base 13, what is -79 + 4?
-75
In base 3, what is 0 + -1002020?
-1002020
In base 12, what is 9571 - 2?
956b
In base 10, what is -981 - -16?
-965
In base 14, what is -4 - 3ba?
-3c0
In base 7, what is 2632 - 2?
2630
In base 10, what is -9 + 50?
41
In base 7, what is -105042 - 2?
-105044
In base 7, what is 130 - 1?
126
In base 16, what is 13 - 30?
-1d
In base 4, what is 101 + 2?
103
In base 16, what is 30 - -19?
49
In base 12, what is -2 + -28?
-2a
In base 6, what is -52 - 342?
-434
In base 2, what is -1 - -10010101?
10010100
In base 9, what is 64 + -3?
61
In base 3, what is -21011 - 212?
-22000
In base 5, what is 1130434 - 1?
1130433
In base 2, what is 0 - 101111010?
-101111010
In base 2, what is 110011 + 1?
110100
In base 2, what is 10011011011 + -101?
10011010110
In base 11, what is 3202 - 4?
31a9
In base 7, what is 1 - -202?
203
In base 14, what is -72 + 6?
-6a
In base 15, what is 1b4 - -3?
1b7
In base 14, what is -4 - 99?
-9d
In base 7, what is -15 - -41?
23
In base 5, what is 42 - -222?
314
In base 2, what is 101 - -100001001?
100001110
In base 7, what is -513 - -2?
-511
In base 16, what is 10 - 15?
-5
In base 13, what is 1a0 - -10?
1b0
In base 12, what is -121 - -30?
-b1
In base 15, what is 6 + -8?
-2
In base 12, what is -5 + 1a7?
1a2
In base 7, what is 3 + 50?
53
In base 3, what is 20 + -100?
-10
In base 15, what is 3 + -173?
-170
In base 11, what is -35 + -a?
-44
In base 8, what is 16 - -171?
207
In base 3, what is 200 + -1221?
-1021
In base 16, what is 111 + -2?
10f
In base 12, what is 0 - -60?
60
In base 11, what is 0 + -168?
-168
In base 9, what is 0 + 35?
35
In base 8, what is -361 - 42?
-423
In base 6, what is -2 - 1413?
-1415
In base 7, what is -265 - -153?
-112
In base 14, what is -d + 154?
145
In base 14, what is 0 + -a7?
-a7
In base 8, what is 0 + -12160?
-12160
In base 16, what is 6f - -4?
73
In base 14, what is 2add - 3?
2ada
In base 16, what is e + -1a0?
-192
In base 8, what is 3372 - 3?
3367
In base 13, what is -b - aa?
-b8
In base 4, what is -33 + 103323?
103230
In base 7, what is 11 - 24?
-13
In base 14, what is ab2 - -2?
ab4
In base 4, what is 11 - 2203?
-2132
In base 6, what is 2 + -304?
-302
In base 11, what is -40 - 37?
-77
In base 16, what is -3 + -23?
-26
In base 8, what is -32 + -700?
-732
In base 8, what is 3 + 32?
35
In base 5, what is -2 + 204?
202
In base 10, what is -9 + 6?
-3
In base 2, what is 10 - -1100001100?
1100001110
In base 2, what is -1010100011 - 11?
-1010100110
In base 3, what is -2121 - -1100?
-1021
In base 4, what is -10101 + -3?
-10110
In base 5, what is -1 - 141031?
-141032
In base 4, what is -112101 - 100?
-112201
In base 15, what is a + 17?
22
In base 7, what is 3 - 102?
-66
In base 2, what is 101001000111 + -11?
101001000100
In base 8, what is -544 - -4?
-540
In base 14, what is 379 + -4?
375
In base 6, what is -2 + -1025?
-1031
In base 16, what is -4 - 19?
-1d
In base 13, what is 159 + 4?
160
In base 2, what is 1111 - 1?
1110
In base 10, what is -4 + 16?
12
In base 12, what is 510 + -a?
502
In base 10, what is -8 - 226?
-234
In base 12, what is -53 - -4?
-4b
In base 2, what is -10 - 1110011111110?
-1110100000000
In base 14, what is -ddb + -2?
-ddd
In base 6, what is 1 + -243?
-242
In base 16, what is ae + a?
b8
In base 12, what is -74 + -1?
-75
In base 2, what is -11 - -1000011010111?
1000011010100
In base 10, what is 2162 - 5?
2157
In base 13, what is 6 + -5?
1
In base 5, what is -10 - -123110?
123100
In base 4, what is 20 - 23102?
-23022
In base 10, what is -1 + 9?
8
In base 4, what is -100 - 20?
-120
In base 15, what is -2 - 32b?
-32d
In base 12, what is -20 + 10?
-10
In base 3, what is 12 + 12?
101
In base 5, what is 13 - 202?
-134
In base 8, what is -24 - -4?
-20
In base 9, what is 1475 + 3?
1478
In base 14, what is 19 - 1b?
-2
In base 4, what is -111233 - 11?
-111310
In base 8, what is 367 - -6?
375
In base 5, what is -40 + 0?
-40
In base 4, what is 3 - -12003?
12012
In base 9, what is 37 + 6?
44
In base 3, what is 2 - 111102?
-111100
In base 12, what is 163 + -118?
47
In base 6, what is -25 + -1230?
-1255
In base 14, what is 3511 + -3?
350c
In base 12, what is 327 - 7?
320
In base 10, what is -9 + -846?
-855
In base 16, what is 1 - -69?
6a
In base 4, what is -1 + -310?
-311
In base 3, what is -210212 + 2?
-210210
In base 10, what is -4 + 56?
52
In base 6, what is -3 - 20203?
-20210
In base 5, what is 0 + -40?
-40
In base 7, what is 54564 - -1?
54565
In base 11, what is 625 + -4?
621
In base 5, what is 20 - -1221?
1241
In base 9, what is -4 - 656?
-661
In base 11, what is -46 - 14?
-5a
In base 16, what is -b2 + -1b?
-cd
In base 4, what is 213330 - -11?
220001
In base 7, what is 42460 - 3?
42454
In base 15, what is -1 - 3a?
-3b
In base 5, what is 20203 + 4?
20212
In base 4, what is 10 - -1201301?
1201311
In base 12, what is 4 + -110?
-108
In base 12, what is -16a - -3?
-167
In base 11, what is -71 - 2?
-73
In base 16, what is -bf + -3?
-c2
In base 13, what is 1a9 + 4a?
226
In base 5, what is 21 - 32?
-11
In base 14, what is 2cb - -3?
2d0
In base 2, what is 100 - 11000101?
-11000001
In base 10, what is -4 - 26?
-30
In base 15, what is -146 - 3?
-149
In base 3, what is 2 + -2100?
-2021
In base 3, what is 12 - -1110000?
1110012
In base 15, what is -3b4 + -b?
-3c0
In base 13, what is 25 - 68?
-43
In base 3, what is -10 - 201?
-211
In base 4, what is 0 + -222303?
-222303
In base 15, what is -a + 1465?
145a
In base 15, what is -1 - -9?
8
In base 15, what is -cc + 3?
-c9
In base 3, what is 0 + 220111?
220111
In base 13, what is -142 - -3?
-13c
In base 3, what is 122200 - -1?
122201
In base 4, what is -132 + 200?
2
In base 2, what is -101000 + -1100010?
-10001010
In base 2, what is 1010001 + -101?
1001100
In base 9, what is 80 + 58?
148
In base 15, what is -5ce2 - -3?
-5cde
In base 2, what is -1011 - -10000?
101
In base 3, what is -1222110 - 0?
-1222110
In base 2, what is 10 + -1111111?
-1111101
In base 4, what is -221 - 13?
-300
In base 12, what is -6 - -64?
5a
In base 15, what is da - 4?
d6
In base 7, what is 104 + 41?
145
In base 14, what is 27d + 0?
27d
In base 15, what is 52b - b?
520
In base 11, what is -45a - 2?
-461
In base 11, what is 5 - -111?
116
In base 15, what is -4c - -3?
-49
In base 5, what is 3 + 20113?
20121
In base 2, what is -101 + -110000?
-110101
In base 15, what is -7e - -3?
-7b
In base 7, what is 1312 - 2?
1310
In base 13, what is 11 - 280?
-26c
In base 2, what is 1101110 + -101?
1101001
In base 15, what is -28 + 2?
-26
In base 6, what is 5 + 13434?
13443
In base 6, what is -3 + 525?
522
In base 9, what is -43 - 4?
-47
In base 15, what is 39 + 12?
4b
In base 16, what is -1 + -10f?
-110
In base 11, what is 7 - -16a?
176
In base 14, what is -2 + a1?
9d
In base 3, what is 0 - 12021121?
-12021121
In base 9, what is 0 + 3543?
3543
In base 7, what is 5 + -44?
-36
In base 16, what is -128 - -2?
-126
In base 13, what is 3 - 1b4?
-1b1
In base 3, what is -11 + -11110020?
-11110101
In base 10, what is 5 - 118?
-113
In base 9, what is 21 - -4?
25
In base 7, what is 151 - 0?
151
In base 12, what is 46 + 1?
47
In base 12, what is 4 + 56?
5a
In base 14, what is -d + 7?
-6
In base 11, what is 44 + 374?
408
In base 2, what is -10100011111 - -101?
-10100011010
In base 13, what is -4 + 3c2?
3bb
In base 3, what is -12100 + 10?
-12020
In base 10, what is 66043 - 4?
66039
In base 11, what is -2 + 42?
40
In base 10, what is 169 - -14?
183
In base 2, what is 1001 + -110110?
-101101
In base 8, what is 102 + -1?
101
In base 2, what is -11 + -1100101?
-1101000
In base 12, what is 14 + -555?
-541
In base 3, what is -12 + 200002?
122220
In base 16, what is 4 - -797?
79b
In base 6, what is -2521 + -